{"id":2457,"date":"2025-12-10T19:40:28","date_gmt":"2025-12-10T19:40:28","guid":{"rendered":"https:\/\/deve-oito.empresafacil.ma.gov.br\/home\/?page_id=2457"},"modified":"2026-02-19T18:52:41","modified_gmt":"2026-02-19T18:52:41","slug":"protecao-de-nome-empresarial","status":"publish","type":"page","link":"https:\/\/deve-oito.empresafacil.ma.gov.br\/home\/protecao-de-nome-empresarial\/","title":{"rendered":"Prote\u00e7\u00e3o de Nome Empresarial"},"content":{"rendered":"","protected":false},"excerpt":{"rendered":"","protected":false},"author":1,"featured_media":0,"parent":0,"menu_order":0,"comment_status":"closed","ping_status":"closed","template":"template-parts\/page-junta-comercial.php","meta":{"footnotes":""},"class_list":["post-2457","page","type-page","status-publish","hentry"],"acf":{"servicos":[{"titulo":"Solicita\u00e7\u00e3o de Prote\u00e7\u00e3o de Nome Empresarial","conteudo":"","btn":"https:\/\/%s.empresafacil.ma.gov.br\/s\/consultaprevia\/prepare-primeiro-passo\/","parametros":"{'evento[]':'700','tipo_empresa':'m','tipo_evento':'pr'}","method":"POST","mensagem_modal":"","acesso":["visivel_todos"]},{"titulo":"Altera\u00e7\u00e3o de Prote\u00e7\u00e3o de Nome Empresarial","conteudo":"","btn":"https:\/\/%s.empresafacil.ma.gov.br\/s\/consultaprevia\/prepare-primeiro-passo\/","parametros":"{'evento[]':'701','tipo_empresa':'m','tipo_evento':'pr'}","method":"POST","mensagem_modal":"","acesso":["visivel_todos"]},{"titulo":"Cancelamento de Prote\u00e7\u00e3o de Nome Empresarial","conteudo":"","btn":"https:\/\/%s.empresafacil.ma.gov.br\/s\/consultaprevia\/prepare-primeiro-passo\/","parametros":"{'evento[]':'702','tipo_empresa':'m','tipo_evento':'pr'}","method":"POST","mensagem_modal":"","acesso":["visivel_todos"]},{"titulo":"Altera\u00e7\u00e3o de Extens\u00e3o de Prote\u00e7\u00e3o de Nome Empresarial em Outra UF","conteudo":"","btn":"https:\/\/%s.empresafacil.ma.gov.br\/evento-exclusivo\/capa-processo\/","parametros":"{'eventos-junta':'menu-protecao-nome-empresarial','tp-evento':'cpp','ato-siarco[]':'{154}','evento-siarco':'154','evento-redesim':'953'}","method":"GET","mensagem_modal":"","acesso":["visivel_deve"]},{"titulo":"Cancelamento de Extens\u00e3o de Prote\u00e7\u00e3o de Nome Empresarial em Outra UF","conteudo":"","btn":"https:\/\/%s.empresafacil.ma.gov.br\/evento-exclusivo\/capa-processo\/","parametros":" {'eventos-junta':'menu-protecao-nome-empresarial','tp-evento':'cpp','ato-siarco[]':'{155}','evento-siarco':'155','evento-redesim':'953'}","method":"GET","mensagem_modal":"","acesso":["visivel_deve"]}]},"_links":{"self":[{"href":"https:\/\/deve-oito.empresafacil.ma.gov.br\/home\/wp-json\/wp\/v2\/pages\/2457","targetHints":{"allow":["GET"]}}],"collection":[{"href":"https:\/\/deve-oito.empresafacil.ma.gov.br\/home\/wp-json\/wp\/v2\/pages"}],"about":[{"href":"https:\/\/deve-oito.empresafacil.ma.gov.br\/home\/wp-json\/wp\/v2\/types\/page"}],"author":[{"embeddable":true,"href":"https:\/\/deve-oito.empresafacil.ma.gov.br\/home\/wp-json\/wp\/v2\/users\/1"}],"replies":[{"embeddable":true,"href":"https:\/\/deve-oito.empresafacil.ma.gov.br\/home\/wp-json\/wp\/v2\/comments?post=2457"}],"version-history":[{"count":5,"href":"https:\/\/deve-oito.empresafacil.ma.gov.br\/home\/wp-json\/wp\/v2\/pages\/2457\/revisions"}],"predecessor-version":[{"id":2735,"href":"https:\/\/deve-oito.empresafacil.ma.gov.br\/home\/wp-json\/wp\/v2\/pages\/2457\/revisions\/2735"}],"wp:attachment":[{"href":"https:\/\/deve-oito.empresafacil.ma.gov.br\/home\/wp-json\/wp\/v2\/media?parent=2457"}],"curies":[{"name":"wp","href":"https:\/\/api.w.org\/{rel}","templated":true}]}}