{"id":341,"date":"2023-05-24T11:08:28","date_gmt":"2023-05-24T11:08:28","guid":{"rendered":"http:\/\/www.empresafacil.ma.gov.br\/?page_id=341"},"modified":"2025-12-11T20:26:02","modified_gmt":"2025-12-11T20:26:02","slug":"alteracao-procuracao","status":"publish","type":"page","link":"https:\/\/deve-oito.empresafacil.ma.gov.br\/home\/alteracao-procuracao\/","title":{"rendered":"Procura\u00e7\u00e3o"},"content":{"rendered":"","protected":false},"excerpt":{"rendered":"","protected":false},"author":1,"featured_media":0,"parent":0,"menu_order":0,"comment_status":"closed","ping_status":"closed","template":"template-parts\/page-junta-comercial.php","meta":{"footnotes":""},"class_list":["post-341","page","type-page","status-publish","hentry"],"acf":{"servicos":[{"titulo":"Altera\u00e7\u00e3o de Matriz","conteudo":"Trata-se do acesso a listagem dos eventos de altera\u00e7\u00e3o cadastral da matriz","btn":"https:\/\/%s.empresafacil.ma.gov.br\/s\/consultaprevia\/lista-eventos-alteracao","parametros":"{'x_tipo_empresa':'f','x_tipo_evento':'al','evento_empresa':'eventos-filial','domain':'http:\/\/deve-oito.empresafacil.ma.gov.br'}","method":"POST","mensagem_modal":"","acesso":["visivel_todos"]},{"titulo":"Altera\u00e7\u00e3o com Absor\u00e7\u00e3o de Parte Cindida","conteudo":"Trata-se do acesso a listagem dos eventos de altera\u00e7\u00e3o cadastral da matriz utilizando utilizando em seu capital social uma parte ou todo capital de uma empresa cindida","btn":"https:\/\/%s.empresafacil.ma.gov.br\/s\/consultaprevia\/lista-eventos-alteracao","parametros":"{'x_tipo_empresa':'m','x_tipo_evento':'al','evento_empresa':'eventos-matriz','domain':'https:\/\/%s.empresafacil.ma.gov.br','evento':'247','cisao_alteracao':'true'}","method":"POST","mensagem_modal":"","acesso":["visivel_todos"]},{"titulo":"Altera\u00e7\u00e3o de uma Filial no Brasil","conteudo":"Trata-se do acesso a listagem dos eventos de altera\u00e7\u00e3o cadastral da filial no Brasil","btn":"https:\/\/%s.empresafacil.ma.gov.br\/s\/consultaprevia\/lista-eventos-alteracao","parametros":"{'x_tipo_empresa':'f','x_tipo_evento':'al','evento_empresa':'eventos-filial','domain':'https:\/\/%s.empresafacil.ma.gov.br'}","method":"POST","mensagem_modal":"","acesso":["visivel_todos"]},{"titulo":"Altera\u00e7\u00e3o de uma Filial em outro Pa\u00eds","conteudo":"Trata-se do acesso a listagem dos eventos de altera\u00e7\u00e3o cadastral da filial fora do Brasil","btn":"https:\/\/%s.empresafacil.ma.gov.br\/evento-exclusivo\/capa-processo\/","parametros":"{'evento-siarco':'033','tp-evento':'cpp','ato-siarco[]':'{017,018,002,007,008,016,006}','evento-redesim':'953','isProd':'1'}","method":"GET","mensagem_modal":"","acesso":["visivel_todos"]}]},"_links":{"self":[{"href":"https:\/\/deve-oito.empresafacil.ma.gov.br\/home\/wp-json\/wp\/v2\/pages\/341","targetHints":{"allow":["GET"]}}],"collection":[{"href":"https:\/\/deve-oito.empresafacil.ma.gov.br\/home\/wp-json\/wp\/v2\/pages"}],"about":[{"href":"https:\/\/deve-oito.empresafacil.ma.gov.br\/home\/wp-json\/wp\/v2\/types\/page"}],"author":[{"embeddable":true,"href":"https:\/\/deve-oito.empresafacil.ma.gov.br\/home\/wp-json\/wp\/v2\/users\/1"}],"replies":[{"embeddable":true,"href":"https:\/\/deve-oito.empresafacil.ma.gov.br\/home\/wp-json\/wp\/v2\/comments?post=341"}],"version-history":[{"count":1,"href":"https:\/\/deve-oito.empresafacil.ma.gov.br\/home\/wp-json\/wp\/v2\/pages\/341\/revisions"}],"predecessor-version":[{"id":2484,"href":"https:\/\/deve-oito.empresafacil.ma.gov.br\/home\/wp-json\/wp\/v2\/pages\/341\/revisions\/2484"}],"wp:attachment":[{"href":"https:\/\/deve-oito.empresafacil.ma.gov.br\/home\/wp-json\/wp\/v2\/media?parent=341"}],"curies":[{"name":"wp","href":"https:\/\/api.w.org\/{rel}","templated":true}]}}